*j + 80. What are the prime factors of j?
2, 5
Suppose 0*q + 23145 = p + 3*q, -4*p = -2*q - 92594. Suppose -2*z = -4*i + p, 2*i - 4*z + 0*z = 11580. What are the prime factors of (-2)/(-11) + i/121?
2, 3
Suppose 3*n - 2*u - 4668 = 0, -3*n = -u - 3643 - 1025. List the prime factors of n.
2, 389
Let y = -7 - -8. Let w = y - -28. What are the prime factors of w?
29
What are the prime factors of 6/(-45) - 80194/(-30)?
3, 11
Suppose -33*x = -26*x + 1106. Let s = x - -350. List the prime factors of s.
2, 3
Let x(n) = -n**2 - 52*n + 78. What are the prime factors of x(-36)?
2, 3, 109
Suppose 0 = -4*v - 2*c + 538, -4*c + 0 = 20. Suppose -v - 113 = -5*z. Suppose 0 = -5*o + 2*o - 4*r + 35, -2*o + 4*r = -z. List the prime factors of o.
17
Let w = -4 + 8. Let v be (-1 + (1 - -1))/((-8)/(-16)). Suppose 2*g - v*p - w = 0, -4*g + 10 = 2*p - 10. What are the prime factors of g?
2
Suppose 13*w = 6*w + 21. Suppose a = -7*d + 2*d + 223, 2*d + 584 = w*a. What are the prime factors of a?
2, 3, 11
Let a = 2036 - 1152. List the prime factors of a.
2, 13, 17
Suppose 15*z - 955 = 13*z - l, 5*z = -5*l + 2390. List the prime factors of z.
3, 53
Suppose -3*m = 5*x + 38, -5*m - 21 = -x + 5. Let t be 1/(-2) + m/(-12). Suppose 2*j - 34 = -4*a - 2, 4*j + 2*a - 70 = t. What are the prime factors of j?
2, 3
Let a(p) = 2 - 2*p + 5 + 4. Suppose 3*t - 3*g + 1 = 2*g, -5*t = -4*g + 19. List the prime factors of a(t).
5
Suppose -3*o + 8 = -2*i, 4 + 7 = 3*o - 5*i. Let x(v) = -o*v + v - 3 + 3*v + 0*v. List the prime factors of x(7).
11
Let k(g) = 7*g**2 + 8*g - 6. Let c be k(-8). Suppose -19*p = -12*p - c. List the prime factors of p.
2, 3
Suppose -3*l = 2*y - 155, -149 = -2*y + 3*l - 0*l. Let o(x) = x**3 - 11*x**2 + 6*x + 21. Let v be o(10). List the prime factors of 3412/y - 2/v.
3, 5
Let z = 1480 - 870. List the prime factors of z.
2, 5, 61
Let k be -3 + (1 - 2 - -1) + 6. Suppose -135 = k*m - 429. List the prime factors of m.
2, 7
Let p(b) = 4*b - 12. Let o = -17 - -22. Let q(g) = -g**3 + 4*g**2 + 7*g - 2. Let m be q(o). What are the prime factors of p(m)?
2, 5
Let u be ((-5)/(-2))/(4/8). Suppose 4*x = 2*m + 54, u*x - 71 = -0*m - m. List the prime factors of x.
2, 7
Suppose 150*i + 1830 = 156*i. What are the prime factors of i?
5, 61
Let k = -60 + 89. Suppose -h + k + 11 = 0. List the prime factors of h.
2, 5
Let r(i) = -3*i - 13. Let l(n) = -8*n - 39. Let z = 4 + -10. Let s(j) = z*l(j) + 17*r(j). What are the prime factors of s(0)?
13
Suppose -d + s + 3*s = 18, -5*s = 3*d + 20. Let l = d - -119. List the prime factors of l.
109
Let f(h) = h**2 + 9*h + 5. Let k be f(-8). What are the prime factors of (-5)/35 - (1056/14)/k?
5
Let p = -1261 + 2083. What are the prime factors of p?
2, 3, 137
Suppose r - 573 = 4*g, 16*g + 2889 = 5*r + 20*g. What are the prime factors of r?
577
Let y(m) = 1 - 2*m + 4*m**3 - 4*m**2 + 2*m**2 + 2*m + 2*m. What are the prime factors of y(2)?
29
Suppose -3*t - t - s + 9 = 0, 0 = 4*t - s - 15. Suppose p + h - 29 = 0, 20 = -t*h - h. List the prime factors of p.
2, 17
Let z = -1196 + 1836. What are the prime factors of z?
2, 5
Suppose -4*k + 3 + 5 = 0. Let q(m) = 2*m**3 - 9*m**2 + 5*m - 9. Let a be q(6). Suppose -j + a = k*j. What are the prime factors of j?
43
Suppose -m + 8 = -5*m. What are the prime factors of m/7 + (-69)/(-21)?
3
Let d = -10 + 8. Let z be (-5 - (-9)/(-3)) + d. List the prime factors of 1 + 3/((-3)/z).
11
Suppose i - 22 = -2*r, -2*i - 11 = -3*r + 8. Let d = -13 + r. Let s(u) = -5*u + 9. List the prime factors of s(d).
29
Suppose -n + 1 = 0, -5*v + 3*v + n = -19. Suppose j + j = v. List the prime factors of j.
5
Let c(g) = -55*g + 2. Let h be c(-3). Suppose -x + 72 + h = 0. What are the prime factors of x?
239
Let w = 12 - -1064. List the prime factors of w.
2, 269
Let z(u) = 18*u**2 - 11*u + 34. List the prime factors of z(-7).
3, 331
Suppose 4 = 20*i - 19*i. Suppose -4*o - 91 = -3*j, i*j + 3*o = -j + 171. What are the prime factors of j?
3, 11
Suppose 2023 = 14*n - 20573. List the prime factors of n.
2, 3, 269
Let z = -6 - -9. Suppose z*l - 432 = -3*l. List the prime factors of l.
2, 3
Let w(l) = l**3 + 30*l**2 + 53*l + 5. List the prime factors of w(-25).
5, 19
Suppose 3*m - 80 = m. Suppose 5*d = v + 24, 0*d = -3*d + 5*v + 32. Suppose m = d*h - 0. List the prime factors of h.
2, 5
Suppose 0 = -3*k + 3*j + 147, 3*k + 4*j - 2*j = 147. Suppose -c = -2*g - 80, c = -2*g + k + 43. Suppose -c = -3*l + 25. What are the prime factors of l?
37
What are the prime factors of -5 + 5008/4 + (-5)/5?
2, 7, 89
Suppose -17*o - 4*o + 14259 = 0. What are the prime factors of o?
7, 97
Let l = 1068 - 639. What are the prime factors of l?
3, 11, 13
Let z(x) be the second derivative of -1/6*x**4 + 0 - 1/20*x**5 - 1/6*x**3 + 8*x + 0*x**2. List the prime factors of z(-2).
2
Suppose 2*k - 42 + 14 = 0. Let a(i) = -2 - 1 - 12*i + k*i. List the prime factors of a(4).
5
Let i(h) = -h**3 + 8*h**2 - 5*h. Let m(t) = -t + 11. Let s be m(5). Let w be i(s). Suppose -p + w = 2*p. What are the prime factors of p?
2, 7
Let m(i) = 2*i**2 + 15*i + 6. Suppose 7*s = 20 - 76. What are the prime factors of m(s)?
2, 7
Let i = -107 - -107. Suppose i = 4*t - 257 - 471. List the prime factors of t.
2, 7, 13
Let n be ((-5925)/(-10))/(-5)*-2. What are the prime factors of 3/(-12) - n/(-4)?
59
What are the prime factors of (-2 - (-2811)/12) + (-1)/4?
2, 29
Let l = -4 + 8. Let q be 0 + -4 + (19 - 13). Suppose 3*y - 2*n - 68 = q*n, l = 4*n. What are the prime factors of y?
2, 3
Let a(u) = -490*u - 11. List the prime factors of a(-1).
479
Suppose -l - 2621 = -73*p + 68*p, 1573 = 3*p - l. List the prime factors of p.
2, 131
Let j(n) = 2*n. Let l be j(0). Suppose -m - 46 - 42 = l. Let r = m + 123. List the prime factors of r.
5, 7
What are the prime factors of 1/(((-6)/(-1))/(-30)) - -1004?
3, 37
Suppose -50*w - 334080 = -122*w. What are the prime factors of w?
2, 5, 29
Suppose 51 = -6*c - 195. Let l = 93 + c. What are the prime factors of l?
2, 13
Suppose -136*n + 216353 - 28265 = 0. What are the prime factors of n?
3, 461
Let o be (3 + 3591/(-14))*(-2)/3. Suppose -o - 353 = -3*p. List the prime factors of p.
2, 3, 29
Let j(p) be the first derivative of -13*p**4/4 + 2*p**3/3 + 5*p**2/2 + 4*p - 13. List the prime factors of j(-1).
2, 7
Suppose 0 = 4*i - i - 12. Suppose 5*a - 2*l = 509, 6*a - 5*l = i*a + 212. What are the prime factors of a?
101
Let y(u) = 182*u - 113. List the prime factors of y(9).
5, 61
Suppose -388 = o + 3*o - 5*s, 3*o = -2*s - 314. Let d be (-2235)/10*(-2)/3. Let p = o + d. What are the prime factors of p?
47
Let h(k) = k**2 + 6*k. Let n be h(-7). Let s(j) be the second derivative of 2*j**3/3 - 13*j**2/2 - 25*j. What are the prime factors of s(n)?
3, 5
Let g(v) = -1 - 29*v**2 + 164*v**2 - 1 - 2*v + 4. List the prime factors of g(1).
3, 5
Let s(r) = -r**3 + 21*r**2 - 22*r + 34. What are the prime factors of s(15)?
2, 17, 31
Let r(i) = 2*i**2 - 22*i - 54. List the prime factors of r(22).
2, 5, 43
Let z = 1520 - -721. List the prime factors of z.
3, 83
Suppose -12*o - 9*o + 16800 = 0. List the prime factors of o.
2, 5
Let q(l) = -l**3 + 3*l**2. Let w be q(2). Suppose w*a - 34 = 70. What are the prime factors of a?
2, 13
Let g(i) = -38*i + 2. Suppose 8*l - 6*l = -2. Let q be g(l). Let m = 99 - q. What are the prime factors of m?
59
Suppose 7*k = u + 3*k - 855, -5*u = -5*k - 4200. List the prime factors of u.
5, 167
Suppose 4*s + 6 = 5*q - 2, 0 = 4*q + s - 19. What are the prime factors of q*(-356)/(-16)*(0 + 1)?
89
Let h(t) = 15*t - 23. List the prime factors of h(21).
2, 73
Let y = -1275 + 2669. List the prime factors of y.
2, 17, 41
Let b be (-2)/(-4)*-13 + 6/4. List the prime factors of 110/(-25)*25/b.
2, 11
Let z(l) = 31*l**3 - 2*l**2 - 1. Let p be z(2). Suppose 0*g - 3*g - 5*x + 356 = 0, -5*x = 2*g - p. What are the prime factors of g?
3, 13
Suppose 123300 = 98*g - 23*g. What are the prime factors of g?
2, 3, 137
Let g = 0 - -3. Let y(i) = -3 + 2 + g - 15*i. What are the prime factors of y(-3)?
47
Let g(z) be the first derivative of z**4/4 + z**3/3 - 7*z**2/2 - 10*z + 3. List the prime factors of g(6).
2, 5
Let a(h) = 6*h**3 - 5*h**2 - 53. List the prime factors of a(6).
1063
Suppose -3*a + 4 = -5. Suppose -a*k + 6 = x, 2*x - 3*x + 7 = 4*k. Suppose -6*g + x*g = -141. Li